e a(-7). Let v be -1 - (-25 + 3 - s). Let z = 61 - v. What is the tens digit of z?
3
Let n(a) = -a**2 - 5*a - 1. Let t be n(-3). Suppose -3 = -h, 4*h + 37 = t*k - 131. What is the tens digit of k?
3
Suppose 2*h = 2*k - 0*k + 6, 0 = -4*h + 5*k + 11. Let z = 8 - h. Suppose -w = -2*a - 17, -z*w + a - 28 = -89. What is the tens digit of w?
1
Suppose 1983 = 10*n - 867. What is the tens digit of n?
8
Let t(k) = 2*k**3 - k**2 + 3*k - 3. Let a be t(2). Suppose -a*g + 20*g - 820 = 0. What is the units digit of g?
4
Suppose 81*z - 16 = 77*z. What is the tens digit of (z/4)/((-4)/(-700))?
7
Let k(y) = -680*y + 240. What is the thousands digit of k(-3)?
2
Let s(b) = 210*b - 6. Let k be s(-1). Let q = k + 429. What is the tens digit of q?
1
Suppose -57*h + 139621 = 9661. What is the thousands digit of h?
2
Suppose 6*f - 280 = 4*f. Suppose 3*g = -4*c + 67 + 49, -3*g - f = -4*c. What is the tens digit of c?
3
Let g(p) be the first derivative of p**3/3 + 6*p**2 + p + 3. Let z be g(-12). What is the units digit of z*42/(-3)*-2?
8
Let o(l) = 60*l**2 - 16*l + 15. What is the thousands digit of o(9)?
4
What is the hundreds digit of ((-29889)/(-108))/(2/(32/6))?
7
Suppose -4 = -n + 6. Let k be (-4)/(12/15)*n. Let m = 72 + k. What is the units digit of m?
2
Suppose -2*r = 2*q - 14, 0 = 2*q - 5*q - 5*r + 17. Let x(f) = 2*f**2 - 8*f - 3. What is the units digit of x(q)?
7
Let d(h) = 38*h**2 + h + 1. Suppose -i - 4 = -9. Suppose i*u + 3*u - 8 = 0. What is the tens digit of d(u)?
4
Suppose 4*u = -2*s - 3 + 15, 4*u = s + 12. Suppose f = -4*t + 30, s = -t + 4*f - 11 + 27. Let y = t + -1. What is the units digit of y?
7
Let v be (-2)/1*1/2. Let z(b) = b - 2*b**3 + 0*b - b**3 - 4*b**3 + 1. What is the units digit of z(v)?
7
Suppose 4*z - 526 = -3*j, -3*z = 2*j + j - 531. What is the tens digit of j?
8
Suppose -2*x + 0*x = 8, 2*m + 3*x = 1506. What is the units digit of m?
9
What is the units digit of (-6)/(-144)*3 - 142/(-16)?
9
Suppose 3 = 4*j - 5. Suppose -6 = -2*f, 3*s + 3 = j*f - 3. Let q(b) = b**3 - b + 17. What is the units digit of q(s)?
7
Suppose 305 + 162 = g. Suppose 5*i = 173 + g. What is the tens digit of i?
2
Let h = 4 + -3. Let a be 2/2 - (-2 + h). Suppose -2*w + 5*c + 37 = 0, -3*w + 3*c + 49 = a*c. What is the units digit of w?
6
Let p = 6 - 0. Let i be (5/((-5)/p))/(-1). Suppose i*o = o + 2*x + 109, -4*x = 3*o - 81. What is the units digit of o?
3
Let c(w) = -w**3 + 5*w**2 + w. Let m be c(4). Suppose x = 4*q + m, 2*q - 7*q = 20. Suppose 3*a - x*n - 79 = -33, 8 = -2*n. What is the units digit of a?
0
Suppose -3*i + 9 = -0*i. Suppose i*s = -0*s - 696. What is the units digit of 1/((-4)/s*2)?
9
Let l be (-1)/5 + (-177)/15. Let r = -18 - l. Let k = r - -9. What is the units digit of k?
3
Let f(a) = 11*a**2 + 4*a + 8. Let t be 7 + (-3 - -3 - 3). What is the tens digit of f(t)?
0
Suppose 5*j + 5*r = 4210 + 580, -5*r = -j + 946. What is the tens digit of j?
5
Let x = 723 + -416. Let r = -118 + x. What is the units digit of r?
9
Suppose 4*t = 5*b + 3*t - 784, 2*t + 8 = 0. What is the hundreds digit of b?
1
Let g = -4 + -2. Let f be 38*1 - (-12)/g. Suppose f = 2*c - c. What is the tens digit of c?
3
Let q(p) = -p**2 + 5*p - 3. Let b be q(4). Let j be 3*b/((-3)/(-2)). Suppose 3*k = 5 - j. What is the units digit of k?
1
Let m be 4*(305/20 - 1). Let s be (-6)/(((-6)/11)/3). Let n = m - s. What is the tens digit of n?
2
Suppose 23*b = 26*b - 4*x + 323, -4*b + 2*x = 434. Suppose -5*v = 3*j + 527 - 134, -3*v - 239 = 5*j. Let m = v - b. What is the units digit of m?
1
Let p(g) = -25*g + 51. What is the units digit of p(-10)?
1
Let x = 3678 + -1399. What is the thousands digit of x?
2
Suppose 0 = 2*t - 761 - 275. Suppose 86 = -4*a + t. What is the units digit of a?
8
Suppose 5*o + 6 = 3*c - 0, 5*o + 2*c = 4. Suppose -5*i - 398 = -3*v, v - 3*i + 2*i - 130 = o. What is the units digit of v?
6
Let n(s) = -s**3 + 2*s**2 + 2*s + 7. Let j(a) = 2*a - 5. Let g be j(4). Let m be n(g). Suppose -c = -m*t + 2*c + 50, 10 = 5*c. What is the tens digit of t?
1
Let j(a) be the second derivative of a**4/2 + 2*a**3/3 + 3*a**2/2 + 10*a. Let z be j(-2). Let w = 53 - z. What is the units digit of w?
4
Let t(u) be the first derivative of 2*u**3/3 - 3*u**2 + 3*u - 13. Let m be t(6). Suppose l + 0*l = -4*o + m, 2*o = -5*l + 213. What is the units digit of l?
3
Let f = -37 + 39. Suppose 45 = 3*w + 3*z - 159, 4*w + f*z = 264. What is the units digit of w?
4
Let g be (-40 - -10)*6/(-4). Suppose -3*w + g = -0. What is the tens digit of w?
1
Let v(c) = 7*c + 281. What is the units digit of v(21)?
8
Let r(x) = -2*x**2 - 12*x - 1. Suppose 5*w - 3*j = -34, -2*j = 2*w + 6 - 2. What is the units digit of r(w)?
9
Let p(u) = 2*u - 9. Let l be p(7). Let k = -2 + 11. Let j = l + k. What is the units digit of j?
4
Let q = -32 - -65. Suppose -4*w + 49 - q = 0. Suppose -7*o = -2*o + 5*g - 335, o + w*g = 52. What is the tens digit of o?
7
Suppose 0 = -2*l + 2244 + 3898. What is the units digit of l?
1
Let i(b) = 34 - 32 - 4*b - 2*b. Suppose 0 = 3*k + 24 - 0. What is the tens digit of i(k)?
5
Let v(j) = -j + 2. Suppose -25 = -9*i + 4*i. Suppose 7*f - i*f + 14 = 0. What is the units digit of v(f)?
9
Let i(b) = b**2 + 25*b + 47. What is the units digit of i(-23)?
1
Let l be 0 + 0 - 287/7. Let c = -9 - l. What is the units digit of c?
2
Suppose -5*p + 1520 = -y, -p = 4*p + 2*y - 1520. What is the hundreds digit of p?
3
Let n = -3 - -7. Suppose -2*k + 5*k - q = 118, n*q = -3*k + 98. Let p = -19 + k. What is the tens digit of p?
1
Let d = 5 - 5. Suppose 4*b + d*b = 228. What is the tens digit of b?
5
Suppose 0 = 20*l - 21*l - 8. Let h(y) = -y**3 - 5*y**2 + 5*y + 20. What is the tens digit of h(l)?
7
Let p(l) = l**3 - 14*l**2 + 18*l + 15. Let s be p(11). What is the tens digit of s/(-3) + 1 + 3?
5
Let s be -5*((-24)/(-15) + -2). Suppose 1 + 1 = -3*j - 4*d, s*d = 4*j + 10. What is the units digit of 55 + (j - (-2)/(-1))?
1
Let t(u) = -u. Let n be t(1). Let d be (-2)/(4*n - -3). Suppose z - 3 = -l + 6, -z + 5 = d*l. What is the tens digit of z?
1
Let u = -40 + 46. Suppose 0*q - u = -3*q. What is the units digit of q?
2
Let f = 335 - 188. What is the units digit of f?
7
Let h(z) = 25*z**2 - 22*z - 31. What is the units digit of h(-5)?
4
Suppose -545 = -h - 4*m, -4*m - 21 = -1. Suppose -6*a + 3*k + h = -a, -k = 5. What is the tens digit of a?
1
What is the units digit of (205 - 0)*(20 - 17)?
5
Let a(g) = 185*g**2 - 13*g - 16. What is the thousands digit of a(-4)?
2
Suppose z = -z - 16. Let b = 3 - z. Let j = b - -21. What is the tens digit of j?
3
Suppose 4*q + 10 = -26. Let s = q + 12. Suppose -s*v + 13 = -32. What is the tens digit of v?
1
Let l be 1/((3 - 3) + (-2)/(-4)). What is the units digit of 1*l/(-2) + (-30)/(-10)?
2
Let g(y) = y**2 + 3*y - 12. Let b be g(-6). What is the units digit of 1*2012/20 + b/15?
1
Suppose 0 = -248*v + 251*v - 2130. What is the units digit of v?
0
Let z(g) = 6*g**2 + 25*g + 10. Let y be z(-11). Suppose 5*u - 280 = -4*b + 617, 2*b = -5*u + y. What is the units digit of b?
8
Let u be (3*(-34)/(-6))/1. Let j = -12 + u. What is the units digit of j?
5
Suppose 5*c - 2*k = 1753, -3*c - 400 = -5*k - 1448. Suppose -5*w + c = 56. What is the tens digit of w?
5
Let u(d) be the second derivative of -5/2*d**2 + 1/2*d**3 + 6*d + 0. What is the units digit of u(4)?
7
Let q(y) = y**2 - 10*y - 1. Let c be q(9). Suppose -2*h = -2*n + 2*h - 24, 5*n + 5*h = -30. Let x = n - c. What is the units digit of x?
2
Suppose -11*n + 120 = -804. What is the units digit of n?
4
Let p = 17 - 10. Let y = p - -35. What is the tens digit of y?
4
Let a be 4/14 - (-6)/(-21). Suppose 0*w - 5*w - 400 = a. What is the units digit of 6*1/((-12)/w)?
0
Let t(a) = -a**3 + 5*a**2 + 7*a - 7. Let g(w) = -w**3 + 3*w**2 + 4*w + 3. Let o be g(4). What is the units digit of t(o)?
2
Let r(g) = 20*g**2 - 27*g + 20. What is the units digit of r(7)?
1
Let r(y) = 53*y + 387. What is the tens digit of r(36)?
9
Suppose 0 = 6*s - 3*s - 9*s. Suppose s = p - 2*p + 6. What is the units digit of p?
6
Let u = 37 + 822. What is the units digit of u?
9
Let y(t) = -1426*t**3 + 2*t**2 + 9*t + 6. What is the units digit of y(-1)?
5
Let f(z) = -44*z + 4859. What is the tens digit of f(0)?
5
What is the hundreds digit of 1/(6678/1668 + -4)?
2
Suppose -x 